h. What is the tens digit of h?
7
Suppose 65584 = -4*k + 2*n, 0*k + 3*k + 49181 = 5*n. What is the tens digit of k/(-23) - 36/(-414)?
1
What is the units digit of (85/40)/(13/451048)?
9
Suppose 4*t - 119540 = 2*b, -3*t + 309*b = 313*b - 89677. What is the thousands digit of t?
9
Suppose 0 = -2*n + 3*v + 15157, -389 + 401 = 4*v. What is the tens digit of n?
8
Let f(z) = z**3 - 9*z**2 + 16*z + 11. Let t be f(6). What is the tens digit of (t - 178/6)/(94/(-282))?
9
Suppose -25*a + 308672 = 31*a. What is the thousands digit of a?
5
Suppose 0 = 2*g - 4*m - 15254, -21*m + 20*m = 5*g - 38069. What is the units digit of g?
5
What is the tens digit of 681556/18 + (2/5)/((-1638)/910)?
6
Let p(a) be the third derivative of a**5/60 + 17*a**4/24 + 56*a**3/3 + 9*a**2 + 2. What is the tens digit of p(17)?
9
Let n(k) = -k**2 + 19*k - 46. Let d be n(15). Suppose d*q - 20*q = -3156. What is the units digit of q?
6
Suppose 2160 = -3*x + r + 5759, 0 = 2*x + 3*r - 2381. What is the units digit of x?
8
Let w(j) be the second derivative of 295*j**3/6 + 18*j**2 + 154*j. What is the units digit of w(2)?
6
Let h be 3 + -4 + -2 + 3*10. Suppose -8*u - u = -h. Suppose 2*l = -0*k + u*k + 280, 3*l = 4*k + 418. What is the tens digit of l?
3
Suppose -2*j = 4*i + 1602, -2*j - 5*i - 816 = -j. Let p = j - -1947. What is the tens digit of p?
5
Suppose 1178114 = -455*x + 541*x. What is the ten thousands digit of x?
1
Suppose 0*i = -7*i. Suppose i*c = 5*c. Suppose 2*f - 2*w - 130 = c, -w - 88 - 109 = -3*f. What is the units digit of f?
6
Let n(o) be the third derivative of -o**6/40 - 11*o**5/60 + 5*o**4/12 + o**3/6 + 179*o**2. What is the tens digit of n(-9)?
0
What is the tens digit of 55484/66*(0/6 + 93)?
8
Let a(p) = 12*p**2 + 10*p + 558. What is the tens digit of a(23)?
3
Suppose 48*r - 51*r = -36. Suppose 0 = -r*w + 4*w + 4184. What is the hundreds digit of w?
5
Let t be ((-6)/3 - -7) + 13. Suppose -t*g + 636 = -12*g. What is the hundreds digit of g?
1
Let g be 66/(-99) + (-3248)/6 + 2. Let s = 1918 + g. What is the tens digit of s?
7
Let u(v) = 1. Let n(h) = -h**2 - h + 4. Let l(y) = -n(y) - 6*u(y). Let q(b) = -b - 5. Let p be q(6). What is the hundreds digit of l(p)?
1
Suppose 42*l = 39*l + 216. What is the hundreds digit of ((-66)/(-4))/((15/l)/5)?
3
Let d(b) = b**3 - 17*b**2 + 6*b + 34. Let z be d(12). Let j = -135 - z. What is the units digit of j?
9
Let z = 12018 - 3586. What is the units digit of z?
2
Let p(o) = -3*o**3 + 10*o**2 + 2*o - 36. Let t be p(7). Let q = 882 + t. What is the hundreds digit of q?
3
Suppose 3503090 + 14900131 = 519*r. What is the ten thousands digit of r?
3
Let t(r) be the first derivative of 29*r - 12 + 1/2*r**2. What is the units digit of t(18)?
7
Let p(x) = -2*x**3 + 9*x**2 + 8*x - 57. Suppose 54*d - 51*d = -w - 8, 0 = -4*w - d - 32. What is the tens digit of p(w)?
7
Let p(d) = 2*d**3 - 4*d**2 - 8*d - 14. Suppose -2*q + 0 = w + 5, -5 = q. What is the tens digit of p(w)?
9
Suppose 1400*p = 1399*p + 5644. What is the thousands digit of p?
5
Suppose -2879879 = -49*y - 2354. What is the units digit of y?
5
Let u = 16905 + -7109. What is the units digit of u?
6
Let b be 832 + (2 - -2) + 3 + -4. What is the tens digit of (-40)/(-22) + 58/319 + b?
3
Let t = -543 - -561. What is the tens digit of (724/t*3)/((-114)/(-171))?
8
Let x = -4824 + 11619. What is the units digit of x?
5
Let c = 37 - 22. Let y(b) be the second derivative of 5*b**3/6 - 10*b**2 - 32*b. What is the tens digit of y(c)?
5
Suppose -58*n + 6214 = -84672. What is the units digit of n?
7
Let m(q) = -2053*q**3 - 8*q**2 + 12*q + 80. What is the ten thousands digit of m(-3)?
5
Suppose -5*n + 4*p - 19 = 0, 0 = -4*p + p + 3. What is the hundreds digit of 609/(4 + -1) - n/1?
2
Suppose -2*b - 2*b = -5*h - 4, 4*b - 2*h = -8. Let s be (-50)/(-8) + (b - 60/(-16)). Suppose -443 = -s*v - 53. What is the tens digit of v?
6
Let z be 4 - ((-6)/24 - 25/(-4)). Let w be ((-1)/(-6))/((-3)/(-18))*z. What is the tens digit of (-2)/w - (1 + 4 + -221)?
1
Let m be 19/(285/10) - (-592)/3. What is the tens digit of 88/m + 7174/18?
9
Let u be (-10 - 0)*66/(-44). Suppose -u*x - 5*x = -11900. What is the hundreds digit of x?
5
Let c(z) = -110*z - 46. Let n be c(3). Let r = -152 - n. What is the units digit of r?
4
Let t(b) = 0*b**3 + 160 - 21*b - 63 - b**3 - 79 - 14*b**2. What is the tens digit of t(-15)?
5
Suppose -4*b + 5 = -2*b - 5*a, 0 = 2*a + 2. Let f be (b - 2) + (-4 - (-3 - -2)). What is the tens digit of (-1 - f)*505/20?
0
Let g = -81 - -46. Let b be -4 - g*(-2)/(-1). What is the tens digit of (18/7)/((b/280)/11)?
2
Let h(i) = 4*i**2 - 11*i + 29. Let u(c) = -c**2 - 1. Let b(y) = h(y) - 2*u(y). What is the units digit of b(4)?
3
Let j = -181 + 185. Suppose -505 - 647 = -j*s. What is the tens digit of s?
8
Let g(l) = 4*l**2 - 54*l - 822. What is the units digit of g(-24)?
8
Suppose -4*d = -5*b + 4*b - 9, 0 = d - 2*b - 11. Let n(r) = 32*r**2 - d - 29*r**2 + 104*r**2. What is the units digit of n(1)?
6
What is the thousands digit of (-49)/42 + (-11343646)/(-276)?
1
Suppose 3*b - 231 = -18*b. Let s = 88 - 39. Let w = s - b. What is the tens digit of w?
3
Let r = -345 + 348. Suppose 0 = 3*q - r*w - 1872, 4*q - 1942 = -5*w + 563. What is the units digit of q?
5
Let q(z) = -6 - 2*z - 3*z - 10*z - 3*z. What is the hundreds digit of q(-8)?
1
Let w be (-73 + -21)/((-2)/(-13)). Let s = w + 1390. What is the units digit of s?
9
Let k be (-3)/((-27)/(-20) + 9/(-6)). Suppose -2*n + 28 = 3*p, 23 = 3*p + 5*n - k. Suppose -p*f + 25 = -f. What is the units digit of f?
5
Let f be ((-7)/(105/(-1584)))/(6/30). Let w = f + -324. What is the tens digit of w?
0
Let s = 46 - 43. Suppose -73 = 5*l - 3*k, -4*l - 2*k + s*k = 57. What is the tens digit of 144*2/7*l/(-8)?
7
Let y = 7271 - 4568. What is the units digit of y?
3
Let r be (-2 - -55) + (6/3 - 5). What is the tens digit of (-178)/1*r/(-20)?
4
What is the tens digit of (2 - -1) + (-21938)/(-28)*10?
3
Let j = -98 + 94. What is the hundreds digit of -593*((-8 - -11) + 1*j)?
5
Suppose -18*q = -19*q + 18. Suppose -80*g + q = -77*g. What is the units digit of g?
6
Let w = -9352 - -14876. What is the tens digit of w?
2
Suppose o - t - 48 = 0, 12*o - 17*o = -t - 248. Suppose -35 = -3*a + 2*i, 3*a = -a + 2*i + o. What is the tens digit of a?
1
Suppose -w + 2*x + 0*x = -2, 0 = 5*x. Let q = 3003 + -2998. Suppose w*z - 4*u = u + 410, q*z = 4*u + 1059. What is the hundreds digit of z?
2
Let g = -61 + 34. Let t(l) = l**3 + 28*l**2 + 27*l + 23. What is the units digit of t(g)?
3
Suppose 14*w + b - 33820 = 12*w, 3*b + 33828 = 2*w. What is the tens digit of w?
1
Let n = -469 + 779. Let s = 841 - n. What is the units digit of s?
1
Let u be 1 - ((5 - 1) + -8). Suppose 3*k - 4180 = -u*i + 6*k, -2*k = 2*i - 1688. What is the units digit of i?
9
Suppose 0 = -5*f - 3*o + 258411, 3*f + 3*o + o - 155062 = 0. What is the hundreds digit of f?
6
Let m = 20224 + -71268. What is the hundreds digit of (-6)/(-10) + (m/(-35) - 0)?
4
Let q(o) = -4471*o - 557. What is the hundreds digit of q(-8)?
2
Suppose 0 = -3*c - 3*v + 87, 22 = -2*c - 5*v + 89. Suppose -c*n = -27*n + 106. Suppose -s = -n - 26. What is the tens digit of s?
3
Suppose -932 = -4*s + 8*s. Let o(p) = p**3 + 21*p**2 - 90*p + 114. Let h be o(-25). Let m = h - s. What is the tens digit of m?
9
Let b be -5*(6/21 + 45/(-35)). Suppose -3*h + 7*q + 160 = b*q, -4*h - 5*q + 198 = 0. What is the units digit of h?
2
Let i be (-3 - (-30)/(-3)) + 3. Let j be 3/((-3)/2) - i. What is the tens digit of (-114)/5*(2 + j)/(-2)?
1
Let y = 966 - -624. Suppose -y = -31*a - 102. What is the units digit of a?
8
What is the tens digit of -68*(-1)/((-6)/(-549))?
2
Let z = -65 + 269. Suppose 53 = 4*d - 23. Suppose -15*s - z = -d*s. What is the units digit of s?
1
Let u = 6 + 98. Suppose 4*f + 4*f - u = 0. What is the units digit of f?
3
Let w = -17960 - -26364. What is the hundreds digit of w?
4
Suppose -841 = -2*k + s, 6*k - 2*s = 3*k + 1260. What is the units digit of k?
2
Let c be (-6322)/(-1) + (8 + -3 - 9). Suppose -5*y = 4*y - c. What is the units digit of y?
2
Let s(t) = t**3 - 18*t**2 + 44*t + 15. Let q be s(15). Suppose -4*u + 329 = -o + 1016, q = 4*u. What is the units digit of o?
7
Suppose f = i - 7624, 0 = 5*i + 2*f - 0*f - 38106. What is the thousands 